ate the greatest common divisor of 768 and 18944.
256
Calculate the highest common factor of 84 and 280.
28
What is the greatest common factor of 3512 and 60?
4
What is the greatest common divisor of 17 and 1139?
17
What is the greatest common divisor of 66 and 5654?
22
What is the highest common divisor of 12940 and 20?
20
Calculate the greatest common divisor of 2688 and 21.
21
Calculate the highest common factor of 42 and 126.
42
What is the highest common divisor of 61 and 6161?
61
What is the greatest common divisor of 4 and 74?
2
What is the greatest common divisor of 54 and 24?
6
Calculate the greatest common factor of 4 and 534.
2
What is the highest common factor of 30 and 20?
10
What is the highest common divisor of 1510 and 310?
10
Calculate the highest common factor of 26 and 27859.
13
What is the highest common divisor of 158 and 1106?
158
What is the greatest common factor of 390 and 715?
65
Calculate the greatest common divisor of 1 and 83.
1
What is the highest common factor of 315 and 189?
63
Calculate the greatest common divisor of 207 and 23.
23
What is the greatest common divisor of 13167 and 228?
57
Calculate the highest common divisor of 2700 and 945.
135
What is the highest common factor of 112 and 168?
56
Calculate the highest common divisor of 208 and 304.
16
Calculate the greatest common factor of 1585 and 5.
5
What is the highest common divisor of 105 and 483?
21
What is the greatest common divisor of 68 and 1700?
68
Calculate the highest common divisor of 176 and 560.
16
What is the highest common factor of 11022 and 6?
6
What is the highest common factor of 144 and 1800?
72
Calculate the greatest common divisor of 68 and 1032.
4
Calculate the highest common divisor of 55 and 90.
5
What is the highest common divisor of 272 and 8296?
136
Calculate the highest common factor of 102 and 187.
17
What is the greatest common factor of 2286 and 66?
6
Calculate the highest common divisor of 5 and 155.
5
What is the greatest common divisor of 30 and 126180?
30
Calculate the highest common factor of 3520 and 200.
40
Calculate the highest common divisor of 119 and 323.
17
Calculate the greatest common divisor of 512 and 24.
8
Calculate the greatest common divisor of 34 and 6.
2
Calculate the greatest common factor of 1632 and 51.
51
What is the highest common divisor of 154 and 7777?
77
Calculate the highest common factor of 265 and 901.
53
Calculate the greatest common divisor of 156 and 12.
12
What is the highest common factor of 465 and 270?
15
Calculate the greatest common divisor of 3416 and 8.
8
Calculate the highest common factor of 1258 and 34.
34
What is the greatest common factor of 59214 and 426?
426
Calculate the highest common divisor of 70 and 1550.
10
Calculate the greatest common factor of 35 and 133.
7
Calculate the highest common factor of 200 and 150.
50
Calculate the greatest common divisor of 27 and 441.
9
What is the highest common factor of 200 and 88?
8
Calculate the greatest common factor of 440 and 2760.
40
What is the highest common factor of 826 and 17582?
118
Calculate the greatest common factor of 5054 and 28.
14
Calculate the greatest common divisor of 78 and 26.
26
What is the greatest common divisor of 50 and 20?
10
Calculate the highest common factor of 66 and 121.
11
What is the greatest common factor of 1292 and 114?
38
What is the greatest common factor of 1863 and 138?
69
What is the greatest common divisor of 1066 and 246?
82
What is the greatest common divisor of 42 and 28?
14
Calculate the highest common factor of 1490 and 16986.
298
Calculate the highest common factor of 15 and 6915.
15
Calculate the highest common divisor of 1222 and 26.
26
Calculate the greatest common divisor of 3782 and 62.
62
What is the greatest common divisor of 63 and 171?
9
What is the greatest common divisor of 152 and 632?
8
What is the greatest common factor of 14 and 742?
14
Calculate the highest common divisor of 11997 and 372.
93
What is the highest common divisor of 1950 and 2418?
78
What is the highest common factor of 6 and 105?
3
What is the greatest common divisor of 3558 and 6?
6
Calculate the greatest common factor of 209 and 152.
19
Calculate the highest common factor of 162 and 54.
54
Calculate the highest common divisor of 70 and 490.
70
What is the highest common divisor of 1392 and 87?
87
Calculate the greatest common divisor of 9340 and 240.
20
Calculate the highest common divisor of 208 and 2548.
52
Calculate the greatest common divisor of 795 and 15.
15
Calculate the highest common factor of 275 and 125.
25
Calculate the greatest common divisor of 336 and 108.
12
Calculate the highest common factor of 2542 and 82.
82
Calculate the highest common factor of 628 and 62486.
314
Calculate the greatest common factor of 3 and 24.
3
Calculate the highest common divisor of 14868 and 21.
21
What is the highest common factor of 28325 and 25?
25
Calculate the greatest common divisor of 162 and 216.
54
Calculate the greatest common divisor of 25 and 55.
5
Calculate the greatest common divisor of 84 and 14280.
84
What is the greatest common factor of 364 and 468?
52
Calculate the greatest common factor of 654 and 87963.
327
Calculate the highest common factor of 6 and 12498.
6
What is the highest common divisor of 23 and 9522?
23
What is the greatest common divisor of 33 and 803?
11
What is the highest common divisor of 51 and 3?
3
Calculate the highest common divisor of 120 and 915.
15
What is the greatest common divisor of 120 and 96?
24
What is the greatest common divisor of 30 and 78?
6
Calculate the highest common divisor of 119 and 136.
17
What is the greatest common divisor of 274 and 13426?
274
Calculate the greatest common factor of 58860 and 60.
60
What is the highest common divisor of 1288 and 230?
46
What is the greatest common divisor of 210 and 2030?
70
Calculate the highest common factor of 2210 and 1430.
130
Calculate the greatest common factor of 147 and 84.
21
What is the highest common factor of 15 and 414?
3
What is the greatest common factor of 10 and 26?
2
What is the highest common divisor of 7 and 91?
7
What is the highest common divisor of 12 and 268?
4
Calculate the greatest common divisor of 6 and 4362.
6
Calculate the greatest common factor of 425 and 544.
17
What is the highest common divisor of 15 and 219?
3
What is the highest common factor of 299 and 26?
13
Calculate the greatest common factor of 59 and 2242.
59
Calculate the greatest common divisor of 146 and 49202.
146
Calculate the highest common factor of 171 and 76.
19
What is the highest common divisor of 253 and 297?
11
What is the greatest common factor of 36 and 6084?
36
Calculate the highest common divisor of 1349 and 304.
19
What is the greatest common factor of 478 and 1?
1
Calculate the highest common factor of 4263 and 147.
147
Calculate the greatest common factor of 2055 and 165.
15
Calculate the highest common divisor of 27 and 17163.
9
What is the highest common factor of 32880 and 480?
240
Calculate the highest common divisor of 111 and 555.
111
Calculate the greatest common factor of 600 and 1600.
200
Calculate the highest common divisor of 48 and 1096.
8
Calculate the highest common divisor of 69 and 759.
69
Calculate the highest common factor of 12 and 276.
12
Calculate the greatest common factor of 1712 and 32.
16
What is the greatest common divisor of 102 and 732?
6
Calculate the greatest common factor of 136 and 170.
34
What is the greatest common divisor of 67791 and 177?
177
Calculate the highest common factor of 377 and 39.
13
Calculate the highest common divisor of 396 and 165.
33
What is the greatest common factor of 1485 and 135?
135
What is the greatest common factor of 12 and 129?
3
What is the greatest common divisor of 1474 and 44?
22
What is the greatest common divisor of 36507 and 516?
129
What is the greatest common divisor of 416 and 1508?
52
Calculate the greatest common factor of 364 and 156.
52
Calculate the greatest common divisor of 24 and 81.
3
What is the greatest common divisor of 405 and 15?
15
Calculate the greatest common divisor of 68 and 1581.
17
What is the greatest common divisor of 252 and 273?
21
Calculate the highest common divisor of 261 and 3074.
29
What is the